the highest common divisor of 3222 and 558.
18
Calculate the greatest common factor of 3003 and 1911.
273
What is the greatest common factor of 392 and 239414?
98
What is the highest common factor of 5957 and 26887?
161
Calculate the greatest common divisor of 18 and 317214.
18
What is the highest common factor of 676 and 250692?
52
Calculate the greatest common divisor of 7 and 164479.
7
Calculate the greatest common divisor of 132462 and 1089.
99
Calculate the greatest common factor of 18 and 3844398.
6
What is the highest common divisor of 94 and 7795279?
47
What is the greatest common factor of 476316 and 101?
101
What is the greatest common factor of 515482 and 55?
11
What is the highest common divisor of 25 and 78950?
25
What is the highest common factor of 27 and 72207?
9
Calculate the highest common factor of 124 and 8409494.
62
What is the highest common divisor of 14 and 186452?
14
Calculate the highest common divisor of 3211 and 5681.
247
What is the highest common factor of 434591 and 71?
71
Calculate the greatest common factor of 3204 and 34.
2
Calculate the highest common factor of 30 and 116085.
15
Calculate the highest common factor of 9 and 565119.
9
What is the greatest common factor of 104 and 3211?
13
What is the greatest common factor of 28 and 10652?
4
Calculate the highest common factor of 25 and 3112825.
25
What is the highest common divisor of 5507 and 1?
1
Calculate the highest common factor of 27 and 1112481.
27
What is the highest common factor of 11832 and 2040?
408
Calculate the highest common divisor of 31000 and 3600.
200
What is the greatest common divisor of 349101 and 13509?
711
Calculate the greatest common divisor of 2208 and 3282.
6
Calculate the highest common factor of 82 and 2574841.
41
What is the greatest common factor of 3888 and 360144?
144
Calculate the highest common factor of 9424 and 44392.
248
What is the highest common factor of 28 and 8333696?
28
What is the highest common factor of 24523 and 537?
179
Calculate the highest common factor of 14672 and 4592.
112
Calculate the highest common factor of 10388 and 588.
196
What is the greatest common factor of 544182 and 138?
6
What is the highest common divisor of 1206 and 19631?
67
What is the highest common factor of 25551 and 18203?
167
What is the highest common divisor of 42216 and 1000?
8
What is the greatest common divisor of 165972 and 164?
4
What is the highest common factor of 68 and 22763?
17
Calculate the highest common divisor of 13365 and 49995.
495
What is the greatest common factor of 45638 and 2888?
38
Calculate the highest common factor of 177 and 267.
3
Calculate the highest common divisor of 8106 and 3150.
42
What is the highest common divisor of 2288 and 59904?
208
Calculate the highest common factor of 3402 and 44534.
14
Calculate the greatest common divisor of 1218 and 38773.
203
Calculate the greatest common divisor of 8285325 and 15.
15
What is the highest common divisor of 29040 and 870?
30
What is the highest common factor of 4 and 2588?
4
Calculate the greatest common divisor of 1248 and 12207.
39
What is the greatest common factor of 20 and 609755?
5
What is the greatest common factor of 7236 and 1742?
134
What is the greatest common factor of 214272 and 1440?
288
Calculate the highest common divisor of 2284 and 188.
4
What is the greatest common factor of 245575 and 1034?
517
Calculate the highest common factor of 447298 and 79.
79
Calculate the greatest common divisor of 9266 and 21320.
82
Calculate the highest common factor of 1088 and 32.
32
What is the highest common factor of 19855 and 1595?
55
What is the greatest common divisor of 605532 and 180?
12
Calculate the greatest common divisor of 6291 and 72.
9
What is the greatest common divisor of 73 and 411647?
73
Calculate the highest common factor of 17712 and 15984.
432
Calculate the highest common divisor of 262 and 746700.
262
What is the greatest common factor of 1580949 and 221?
17
What is the highest common factor of 6785 and 3105?
115
What is the greatest common factor of 16851 and 1968?
123
Calculate the greatest common factor of 1572310 and 30.
10
Calculate the greatest common divisor of 14 and 10877790.
14
Calculate the highest common divisor of 1029 and 3234.
147
Calculate the greatest common divisor of 1191 and 31363.
397
Calculate the greatest common factor of 60 and 968280.
60
Calculate the greatest common divisor of 11466 and 2940.
294
What is the greatest common divisor of 3543544 and 3096?
344
Calculate the greatest common divisor of 2323 and 82517.
101
What is the greatest common divisor of 3219 and 1131?
87
Calculate the greatest common factor of 2993804 and 66.
22
What is the highest common divisor of 12 and 1600212?
12
Calculate the highest common factor of 304 and 285.
19
What is the greatest common divisor of 364122 and 198?
198
Calculate the highest common factor of 521 and 8857.
521
Calculate the greatest common divisor of 3035040 and 120.
120
Calculate the greatest common factor of 8 and 22386.
2
What is the greatest common factor of 1629654 and 3978?
1326
What is the greatest common factor of 287 and 1029?
7
What is the greatest common divisor of 2268 and 48564?
36
Calculate the greatest common divisor of 1366338 and 138.
138
What is the highest common factor of 2823080 and 20?
20
What is the greatest common divisor of 141013 and 69?
23
What is the highest common factor of 29890 and 1610?
70
What is the highest common factor of 764 and 6?
2
Calculate the highest common divisor of 810555 and 120.
15
What is the highest common factor of 33137 and 13?
13
What is the highest common divisor of 36 and 2495676?
12
What is the greatest common divisor of 120372 and 2172?
12
Calculate the greatest common divisor of 9 and 865287.
9
What is the highest common factor of 994 and 18592?
14
Calculate the greatest common factor of 360206 and 616.
154
Calculate the highest common divisor of 330210 and 37913.
1223
Calculate the highest common divisor of 7098 and 525.
21
Calculate the highest common factor of 246 and 314.
2
What is the highest common divisor of 7 and 517804?
7
Calculate the greatest common divisor of 1585398 and 57.
57
Calculate the greatest common factor of 183 and 6589464.
183
What is the highest common factor of 1085 and 93930?
155
What is the greatest common factor of 203688 and 540?
108
What is the greatest common factor of 851 and 1035?
23
Calculate the highest common divisor of 1950 and 2017600.
650
Calculate the highest common factor of 153 and 28424.
17
Calculate the highest common factor of 7600 and 23332.
76
Calculate the highest common factor of 154786 and 12030.
802
What is the highest common factor of 308 and 13342868?
308
Calculate the greatest common divisor of 1164 and 4236.
12
Calculate the highest common factor of 852236 and 616.
308
What is the highest common divisor of 45 and 290535?
15
Calculate the highest common factor of 816 and 66096.
816
What is the greatest common factor of 38 and 1396443?
19
What is the greatest common factor of 450 and 13150?
50
Calculate the highest common factor of 2215736 and 4120.
824
Calculate the greatest common divisor of 65064 and 36.
12
Calculate the highest common divisor of 8483975 and 1007.
1007
Calculate the highest common factor of 3978 and 8307.
117
Calculate the highest common factor of 26061291 and 27.
27
Calculate the greatest common factor of 533780 and 260.
260
Calculate the highest common divisor of 54 and 1534.
2
What is the highest common divisor of 146 and 148263?
73
Calculate the greatest common factor of 66 and 459250.
22
What is the greatest common divisor of 68 and 4156?
4
What is the greatest common divisor of 9930 and 60?
30
What is the greatest common factor of 11322 and 1989?
153
What is the highest common divisor of 2336 and 51027?
73
What is the greatest common divisor of 40824 and 616?
56
What is the highest common factor of 6182 and 28226?
22
What is the greatest common factor of 1608 and 9?
3
What is the greatest common factor of 9016 and 17158?
46
What is the greatest common divisor of 18 and 12858?
6
What is the highest common divisor of 1897 and 3?
1
Calculate the greatest common factor of 42 and 2082.
6
What is the highest common divisor of 45288 an